 of g?
1
Let q(c) = c**2 - 1 + 0*c + c + c + 5*c. What is the units digit of q(-9)?
7
Let m(a) be the third derivative of a**5/60 - a**4/8 + a**3/2 - 2*a**2. What is the units digit of m(2)?
1
Let s be -1 + 42 - (0 + 1). Suppose 0*g + s = 5*g. Suppose -4*z = -20 - g. What is the units digit of z?
7
Suppose 2*t - 45 = t. What is the units digit of t?
5
Let k = 9 - 15. Let n(s) = -2 - 7*s**2 - 9*s + 0 + 2*s - s**3. What is the units digit of n(k)?
4
Let u(a) = a + 21. What is the units digit of u(-17)?
4
Let d = -130 + 186. What is the tens digit of d?
5
Suppose 0 = 6*y + 10 - 34. Suppose 0 = -4*a + k + y, -a + 2 = a - k. What is the units digit of a?
1
Let o(u) = 9*u + 1. Let b be o(1). Let q(p) = p**3 - 2*p**2 - 3*p. Let m be q(3). Suppose j - b + 4 = m. What is the units digit of j?
6
Suppose -210 = -2*q - 16. What is the tens digit of q?
9
Let j be (-1 + -5)/(-3 - -1). Let z = 5 - 2. Suppose 2 = z*h + n - 19, -j*h + 3*n + 9 = 0. What is the units digit of h?
6
Let k = -10 + 13. Suppose 0 = -k*j + 2*d - 0*d + 17, j = 4*d - 1. What is the units digit of j?
7
Let w = -370 + 606. What is the units digit of w?
6
Let w(h) = -h**3 - 3*h**2 - 5*h - 4. Suppose 6 + 0 = -2*d. What is the units digit of w(d)?
1
Let i be -179*(-1 + 0)*1. Let b = i + -118. Suppose -6*s + s = -5*t + 70, 5*s + b = 4*t. What is the units digit of t?
9
Suppose -3*c - 107 = -350. What is the units digit of c?
1
Let a = -2 + 6. Suppose -8 = -a*q, -f - 3*q = -4*q - 2. What is the units digit of f?
4
Let m = 34 + -13. What is the tens digit of m?
2
What is the tens digit of 684/9*(-4 + 0)/(-2)?
5
Let n(y) be the second derivative of 5/12*y**4 + 0 - 1/20*y**5 + 1/6*y**3 - 3/2*y**2 + 2*y. What is the units digit of n(5)?
2
Let z = 356 - 197. What is the tens digit of z?
5
Let r(y) = -y**2 + 7*y + 6. Let t = 7 - 1. What is the tens digit of r(t)?
1
Let y = 5 - -14. What is the tens digit of -2 + (-6)/(-2) + y?
2
Suppose -n - 17 = -0*n + 3*l, 4*n + l = -24. What is the units digit of (-2 - 0)*n + -2?
8
Suppose 0 = -5*k - 3*q + 252, -3*q + q = 3*k - 152. What is the units digit of k?
8
Suppose 3*m - 4*t - 92 = 0, -2*m + 93 = 4*t + 5. What is the units digit of m?
6
Suppose 0 = -i - i + 4. Suppose 2*x - 4 = 4*t, 2*t - 4 = -x - 2. Suppose i*z = -4*c - z + 48, -x*z = -5*c + 37. What is the units digit of c?
9
Let b(r) = -r - 6. Let d be b(-6). Suppose -8 = u - 3*c + 8, c - 9 = 4*u. Let l = d - u. What is the units digit of l?
1
Let m(w) = 17*w - 2. Let n be m(4). What is the tens digit of 1/3*(n + -3)?
2
Let f be (2 + -5)/((-6)/32). Suppose o - 4 = f. What is the units digit of o?
0
Let o(i) = i**2 - 6*i + 6. Let s be o(5). Let c(m) = 1 + 2*m - 3*m + 6*m**2 + 16*m**2. What is the tens digit of c(s)?
2
Let m(l) = 9*l**3 - 2*l**2 + 2*l - 1. Let v = -3 - -4. Let p be m(v). Suppose -n = 3*n - p. What is the units digit of n?
2
Let a(t) = t**2 + 2*t. Let p be a(-5). Suppose -3*u + 24 + p = 0. What is the units digit of u?
3
Let o(p) = -p**3 + 4*p**2 - 4*p + 4. Let f = -5 + 8. What is the units digit of o(f)?
1
Suppose 0 = -b + 17 + 1. Suppose -5*y + 24 = 2*g - 2, -4*y + b = 3*g. Suppose 2*j = -w - 3*j + 2, -w = j - y. What is the units digit of w?
7
Suppose 3 + 5 = 2*h. Let u = 1 - h. Let b(w) = w**3 + 3*w**2 + 2. What is the units digit of b(u)?
2
Suppose 0 = -0*a + 2*a - 2. Let c be -4*(0/a - 2). Let i = c - 5. What is the units digit of i?
3
Let l = 130 + -109. What is the units digit of l?
1
Let l(c) = 2*c - 10. Let a be l(7). Suppose 3*z + 147 = -5*g, a*g = 4*z + 4 - 96. Let b = g - -45. What is the tens digit of b?
1
Suppose -h + 4 - 9 = 0, 3*m - 17 = h. Let v be (0 + 3)/(6/m). Suppose -v*c = 4*l - 6, l - 3 = -3*c + 21. What is the units digit of c?
9
Suppose -26 = -5*q - 2*t, -5*t = -3*q + 4 - 7. Suppose i - q*r = 2, -i + 6*r + 3 = r. Let d(w) = -6*w. What is the tens digit of d(i)?
1
Suppose -2*s + 3*s + 6 = 0. Let n = s + 11. Suppose -3*q - n + 41 = 0. What is the units digit of q?
2
Suppose 12 - 83 = -4*r + 3*k, 45 = 5*r + 5*k. Suppose -r = -q + 3. What is the tens digit of q?
1
Suppose 2*m + 3*m = 0. Suppose 4*x - 68 = -m*x. What is the units digit of x?
7
Suppose 0 = 4*f - f. Suppose -4*n + 20 + 4 = f. What is the units digit of n?
6
Let f(o) = 2*o**3 - 5*o**2 + 4*o - 2. What is the tens digit of f(5)?
4
Let w = -53 + 162. What is the tens digit of w?
0
Let b be (-13)/(-5) - (-12)/30. Let q = b - 4. What is the units digit of 0 - (1 + 0)/q?
1
Suppose -c - s = -3*s - 2, -2*c - s = -9. Suppose 0 = -x + c*x + 12, -4*y = -3*x - 196. Let w = y - 26. What is the units digit of w?
0
Suppose -u = -5*w + 8 + 12, 3*u = 5*w - 20. Let f(y) = y**3 - 5*y**2 + 4*y + 1. Let r be f(w). Let m = 3 + r. What is the units digit of m?
4
Let i(n) be the second derivative of n**5/20 - 3*n**4/4 - 3*n**3/2 + 5*n**2/2 - n. What is the units digit of i(10)?
5
Let o = -1 + 2. Suppose -4*t - 4*q + 12 = -t, -9 = 4*t - 3*q. Let m = o - t. What is the units digit of m?
1
Let w(o) = 14*o - 7. What is the tens digit of w(5)?
6
Let r(k) = k**2 - 5*k - 1. Let b be r(5). Let a(v) = -v**2 - 2*v + 3. Let x be a(-4). Let p = b - x. What is the units digit of p?
4
Let z be (-4)/(-10) + (-222)/30. Let r = -2 - z. What is the units digit of r?
5
Let m be (-3 + 27/12)*4. Let x(s) be the first derivative of s**3/3 - s + 1. What is the units digit of x(m)?
8
Let z = -1 - -3. Suppose 4*a + 3 = d, -9 = -2*d + a - 3. Suppose 20 = z*u + d*u. What is the units digit of u?
4
Let q(a) = -a**3 - 2*a**2 - 4*a - 3. Let c be q(-2). Let y(v) = 2*v**2 - 4*v - 4. Let s be y(c). What is the units digit of 2/5 - s/(-10)?
3
Let p be (-47)/(-9) + 4/(-18). Suppose -4*o + p = -15. Suppose -3*t + 6 = 5*i - 51, 0 = o*i - 3*t - 33. What is the units digit of i?
9
Let l = 19 + -57. Let m = -26 - l. What is the tens digit of m?
1
Suppose -v - m + 13 = 3, -10 = -2*m. Suppose -n + 3*n + 3*x = 49, x + 114 = v*n. What is the units digit of n?
3
Let q(c) = -c**2 - 4*c - 1. Let v be q(-3). Let w be 3/v + (-238)/4. What is the units digit of (-2)/(-12) + w/(-12)?
5
Let t = 5 + -5. Suppose -o + t*o = 0. Suppose h + 1 = 0, o*h = -5*z + 5*h + 10. What is the units digit of z?
1
Let u be (-3)/6*2*-1. Suppose 5*f = 3*v - 24, f - 5*f - u = -v. Let j = 18 - v. What is the units digit of j?
5
Let p be (0 - 0) + (-8 - -13). Let m(o) = -o**3 + 6 + 5*o**2 - o**3 + o**3. What is the units digit of m(p)?
6
Suppose -g = -5 + 2, -4*g + 124 = 4*r. What is the tens digit of r?
2
What is the tens digit of -1*((-27 - 0) + 4)?
2
Let w(g) = g**2 + 3*g + 2. Let j be w(-2). Suppose -3*s + 6*s - 3 = j. Let r = 2 - s. What is the units digit of r?
1
Let s = 136 - 110. What is the units digit of s?
6
Let f be (-6 + 3)*4/(-6). Suppose b - f = 15. What is the units digit of b?
7
What is the tens digit of (-8)/(-60) - 2829/(-45)?
6
Let j(h) = -1 + 2 - 1 - 2*h. What is the units digit of j(-1)?
2
Let j(k) = -k**2 + k. Let a(r) = r**3 + 3*r**2 - 3*r. Let i(m) = -a(m) + 4*j(m). Let d be i(-8). Suppose -3*u = -u - d. What is the units digit of u?
4
What is the units digit of 150/(-4)*(84/(-30) + 2)?
0
Suppose 0 = 2*a + 4*k - 14, 4*a + 2*k - 17 = a. Suppose -a*u + 0*u = -70. What is the units digit of u?
4
Suppose -i + 29 = -p, -i + 7*p + 29 = 2*p. What is the tens digit of i?
2
Let q be (-2)/(-6)*12/2. Suppose -u + 12 = q*u. What is the units digit of u?
4
Let h be 5 - (4/2 - -1). Suppose -4*p + h*p + 26 = 0. What is the units digit of p?
3
Suppose 3*g - 6*g = -150. What is the tens digit of g?
5
Let d(a) = a + 6. Let p be d(-6). Suppose p*n = 2*n. What is the units digit of 0 - (-1 + n - 0)?
1
Suppose 0 = -8*c + 9*c. Suppose 0*q = -3*o - 2*q + 122, c = -3*o + 2*q + 106. What is the tens digit of o?
3
What is the units digit of 6*(9/3 - -2)?
0
Let r(q) = -q**2 - 9*q - 9. Let t be r(-6). Let a = t + 0. What is the units digit of a?
9
What is the tens digit of (96/80)/((-4)/(-130))?
3
Let f = 216 - 110. What is the units digit of f?
6
Let n(w) be the second derivative of w**5/20 + 4*w**4/3 + 13*w**3/6 - 4*w**2 + 7*w. What is the units digit of n(-15)?
2
Let h(p) = -p**2 + 5*p + 1. Let d be (-6)/24 + 1/4. Suppose -3*x + d*x + 9 = 0. What is the units digit of h(x)?
7
Suppose 6 - 4 = 2*q. Let j(o) = -3*o**2 + q + 4*o - o**3 - o + 4*o**2. What is the units digit of j(-2)?
7
Let g(p) = -2*p*